mposite?
False
Let l(p) = -231 - 229 + 455 + 42*p + 22*p**2. Is l(-4) a composite number?
False
Suppose 303 = 4*d - 9. Let r = d + -74. Suppose 3*c = c + 4, -2640 = -r*y + 4*c. Is y composite?
True
Is (-36)/(-64)*2079436/57 - (-1)/4 a composite number?
False
Let j be 2/6 + 2/(-6). Suppose 11 = u - 2*m, -u - 4*m + 154 = 161. Suppose 0 = -4*t - 4*v + 892, 5*t + j*v = u*v + 1115. Is t composite?
False
Let z(p) = 47*p**2 - 94*p - 38. Is z(5) a composite number?
True
Suppose 0 = 5*n + 3*w - 122, 0 = -4*n + 4*w - 3*w + 84. Let v(i) = -47*i + 37. Let y be v(n). Let a = y + 1794. Is a a composite number?
False
Let j = -8 - -26. Suppose -j*s + 16*s = -3182. Is s composite?
True
Let b = 11706 + 17277. Is b prime?
False
Let j be 7/28 + 119/4. Suppose -b = 2*i - j, 5*b - 45 = -3*i + b. Suppose -7*u = -i*u + 5864. Is u composite?
False
Let x(y) be the third derivative of 31*y**5/15 - y**4/6 + 7*y**3/6 - 279*y**2. Is x(-5) a composite number?
True
Let n be (2/(-8)*2)/(2/12). Let v = 3 + n. Is (-6 - -5)/((-2)/46 + v) composite?
False
Let q = -669 - -643. Is (q/(-8))/((-74)/(-458504)) prime?
False
Let v(y) = 363*y + 10. Let l be v(18). Let n = l + -1859. Is n a composite number?
True
Suppose -37*p + 117*p - 180436221 + 22412141 = 0. Is p a prime number?
True
Let q(h) = -19266*h + 10741. Is q(-33) a composite number?
False
Let t(l) = -2*l + 8. Let q be t(3). Suppose 3*m - b + 479 = 0, -q*b - 334 = 2*m + b. Is -2 + 6 + -2 - m a composite number?
False
Let y = -16705 - -32986. Suppose -y = -4*d + 9499. Suppose 1378 = -9*x + d. Is x a prime number?
True
Let d = -42 - -48. Suppose 2*m + 5*h = d*h + 9585, -4*h = m - 4779. Is m prime?
False
Let k = 110 + -313. Let l = k - 67. Is (-12610)/(-14) + (l/(-63) - 4) prime?
False
Let m = -18 - -43. Suppose -26*x + m*x = -2. Suppose 7252 + 38 = 5*c - 5*b, -2*b = x*c - 2920. Is c composite?
False
Let k = 992380 + -685889. Is k a composite number?
False
Let s(k) = -2*k**2 + 15*k - 3. Let c be s(7). Suppose -c*l - 45 = -9*l + 5*b, b - 3 = 0. Is l/54 - (-914)/18 a prime number?
False
Let q = -45 - -23. Let c be 95862/702 + (1/6)/((-9)/(-24)). Let p = c + q. Is p composite?
True
Let f = 85 - 19. Let q = f + -66. Suppose -4*g = -q*g - 4*u - 3560, -4*u + 4441 = 5*g. Is g composite?
True
Let o = -25453 - -36158. Let n = 1248 + o. Is n a prime number?
True
Let h be (-52)/7 + 6 - 4/7. Let p be 2410/(-4)*h - 3. Is p + (2 - ((-9)/1)/(-3)) composite?
False
Suppose -w + 6*h - 11*h + 126067 = 0, 4*w = h + 504394. Is w a composite number?
False
Let w = -5360 - -3607. Let u = 7790 + w. Is u composite?
False
Suppose -1 = 5*p + 14. Is p - (29816/10)/(28/(-70)) composite?
False
Let f(i) = 2*i**2 + i. Let w be f(1). Suppose -w*y = 1525 - 4219. Suppose 0 = -2*d + y + 184. Is d a prime number?
True
Suppose 356*u - 5925581 + 4280706 = 9110241. Is u prime?
True
Let l be (-27)/(-18)*4/3. Suppose 3*s - 5 = -v, 5*s + 55 = l*v + 2*s. Suppose 5*p + 5*t = 14282 + 12928, -4*t + v = 0. Is p a prime number?
True
Let n(z) = -2 + 25 + 6 - 5*z**2 - 7*z + 6*z**3. Is n(7) composite?
True
Let j = -26 + 29. Suppose j*a + 103 = 37. Let r(m) = -m**3 - 21*m**2 - 3*m - 9. Is r(a) composite?
False
Is (29/145)/((2/2293645)/2) prime?
True
Suppose 15 - 21 = -2*m. Suppose -3*r = 6, m*b = -r + 2*r + 14. Is 16624/b*(10/8 + -1) composite?
False
Suppose 18 = -3*r, -3*o = 63*r - 61*r - 160437. Is o a composite number?
True
Suppose 14*k = -4*n + 17*k + 89209, 4*k - 4 = 0. Is n composite?
False
Let o be (-5 + 12 - (3 + -1)) + 0. Suppose -2*q + 9646 = o*h + 2369, -5 = 5*h. Is q a composite number?
True
Suppose 0 = 3*d - 0*d + 87924. Let k = 42223 + d. Is k/42 - (-2)/(-4) a prime number?
True
Let m(d) = 26634*d**2 - 21*d + 167. Is m(6) a composite number?
True
Let d(l) = 23070*l - 2828. Is d(3) prime?
False
Is 16729*(-11 - -66)/11 prime?
False
Let p(j) = 16375*j**2 - 62*j + 2. Is p(3) composite?
True
Let c = 53 - 36. Let r be c/((-975)/486 + 2). Is r/(-5) - ((-70)/(-25) + -3) prime?
False
Let w(x) = 3*x + 14. Let b be w(-3). Let i(f) = -b - 4 - 5*f**2 - 5 - 26*f + 40*f**2. Is i(-6) a prime number?
False
Suppose 7*w + 8969972 = 48*w - 5520535. Is w a prime number?
False
Let y = 31 + -25. Let j = y - -22. Suppose 278 = -26*f + j*f. Is f prime?
True
Suppose 5 = -4*y + 21. Suppose -5675 = -5*n - y*a + 3804, 4*n = 3*a + 7577. Is n composite?
True
Let p(z) = 13*z**2 + 3*z - 45. Let i be p(7). Suppose -439 + 49 = -w. Let c = i - w. Is c prime?
True
Let a be (350 + -6 - 4) + (1 - -4). Let h = a - 143. Is h composite?
True
Suppose 4*c = -3*k + 871257, -24*k + 26*c - 22*c + 6970056 = 0. Is k prime?
True
Let z be (4/10)/(9/90). Suppose z*b = 3*b + 1. Let n(w) = 1140*w + 1. Is n(b) composite?
True
Let y be ((-3)/4)/(-5 + 1267/252). Is (-15784 + 1)*(-5 - 126/y) a composite number?
False
Suppose -4*v - 31 + 9 = 2*w, v - 3*w = -16. Is 2389*((-6)/1 - v) composite?
False
Suppose 130*k - 2919307 = 2946163. Is k prime?
True
Let p(c) = 407*c**2 - 240*c - 2194. Is p(-9) a prime number?
True
Suppose 2*g - 42 = 4*j, -2*j = j + 5*g - 1. Is 6*(4557/9 - j) a composite number?
True
Suppose 0 = -y - 2*b + 22923, -y - 16*b + 20*b = -22899. Is y a prime number?
False
Suppose -12*c = -3*r - 10*c + 149282, 2*r - 99517 = -3*c. Suppose 3790 = -10*f + r. Is f composite?
False
Let i = 97 + -81. Suppose -17460 = i*r - 87428. Is r prime?
True
Suppose 5*v - 26 = 6*v + 5*y, 0 = -2*v - 5*y - 27. Is 4/6*(-46497)/22*v a prime number?
True
Let n(l) = 432*l**2 + 2*l - 1. Suppose -2*t = -m - 9, -m - 2*m + 13 = 2*t. Let z be n(m). Is 4 + z/(3 + -2) prime?
False
Let d(w) = 5*w**2 + 3*w - 4. Let a(y) = -y**2 + 19*y + 17. Let r be a(20). Let t be d(r). Suppose -t*f + 28*f + 11084 = 0. Is f a prime number?
False
Is 22851 + (8 - 966/105)*(-5)/3 a prime number?
True
Suppose -4*m + 48026 = -31674. Suppose 13*c + 12*c = m. Is c a prime number?
True
Let b(z) = -6278*z + 1751. Is b(-11) prime?
False
Suppose 2*g = 2*d - 537560, 2*d = 530*g - 534*g + 537518. Is d a prime number?
False
Suppose h + 5*t + 3 = -12, -4*h = 3*t + 26. Is 15/h - (-2254)/1 a composite number?
False
Let f be (-15)/(-12)*(-15 + -5 + 8). Is (-141445)/f + 24/18 a composite number?
False
Let d(j) = 6*j**2 + 9*j + 4. Let f be d(-3). Suppose -28*n + f*n = 6747. Is n a prime number?
False
Let o = 564132 - 375529. Is o prime?
True
Let b be (0/1)/((-2)/(-2) + -3). Suppose -5*k + 28681 = 2*c, -k + b*k + 3*c = -5743. Is k prime?
True
Let k(f) be the third derivative of 61*f**4/24 - 14*f**3/3 - 4*f**2. Let o be (-8)/(-5 + 3) + 15/3. Is k(o) a composite number?
False
Let c = -1092 - -6835. Let g = c - 2924. Is g composite?
False
Let r(w) = 989*w**3 + w**2 - 36*w + 35. Let s be r(1). Let m = 1575 - s. Is m a prime number?
False
Suppose -61 = -2*t - 63, 2*l + 5*t - 806741 = 0. Is l composite?
True
Suppose -25*l - 776505 = -11812255. Suppose 16*d + 6*d = l. Is d prime?
False
Let d(g) = -g**2 - 14*g - 39. Let f be d(-6). Suppose f*r + 15672 = 3*r. Let c = -1171 - r. Is c a prime number?
False
Suppose -2*c + 56886 + 12286 = -5710. Is c a composite number?
False
Let i = -249 + 231. Let y = 79 - i. Is y a prime number?
True
Suppose -1248058 - 1348002 = -6*q - 4*q. Is q composite?
True
Let v(l) = 10*l**2 - 31*l + 5. Let r be v(21). Let z be ((-6)/(-24))/(1/r). Suppose 3*y - 3090 = -5*d - z, -4*y = 5*d - 2147. Is d prime?
True
Let i(w) = -61*w**3 - 5*w**2 - 13*w - 11. Let z = 645 + -651. Is i(z) a composite number?
False
Let o be 4/(-6) - 6800/15. Let g(h) = -28*h - 35. Let d be g(-24). Let t = d + o. Is t composite?
True
Is ((-2)/40*-15)/3*2398964 a composite number?
False
Suppose -5*r + 5*w + 65 = -3*r, -w = 3*r - 106. Suppose -5*t + r = -15. Suppose 7*n - 2*n - t = 0, -3*y + n + 2155 = 0. Is y prime?
True
Suppose 78*n = 71*n + 321867. Suppose 36796 = 4*z + 4*l, 2*l = -0*z + 5*z - n. Is z composite?
True
Let x be (-4)/14 + 90/21. Let q(d) = 6*d**2 + 24*d + 41. Let z(t) = 6*t**2 + 24*t + 39. Let h(i) = x*q(i) - 3*z(i). Is h(-18) composite?
False
Let n = 290 + -182. Let b = n - -33. Is b composite?
True
Let i(q) = -q**3 + 12*q**2 - 19*q - 7. Let b be i(10). Suppose 0 = b*v - 3, 2*d - 16 = -3*v - 9. Suppose -604 = -d*k - 222. Is k a prime number?
True
Let u(o) = 23*o**2 + 23*o - 95. Is u(13) prime?
True
Let a be 3235*(2 + 35/(-25)). Let g be 1 + 1 + -3 - a. Let s = -1043 - g. Is s a p